*f. What are the prime factors of f?
3, 7
Let v be (18/15)/((-3)/(-70)). What are the prime factors of 14*(192/v)/4?
2, 3
Let q(x) = -x**2 + x + 2. Let g be q(2). Suppose -5*h - w + 16 = g, -2*w + 3 = w. Suppose -3*s - 3*c - c + 19 = 0, 4*s - 30 = -h*c. List the prime factors of s.
3
Let g be 3 + -2 - -2 - -5. Let m = 28 + g. What are the prime factors of m?
2, 3
Let p = 15 + 10. Let a = -15 + p. List the prime factors of a.
2, 5
Suppose 4*p - 176 = 4*l - 8*l, -4*p + 194 = -5*l. List the prime factors of p.
2, 23
List the prime factors of 50/10*(-1 + 2).
5
Let a = 63 + -18. What are the prime factors of a?
3, 5
Let k be (11/(-1))/(4 + -5). Let z = k + -7. What are the prime factors of z?
2
Suppose 0 = -2*o - 2*d - 2*d + 476, -15 = -3*d. List the prime factors of o.
2, 3, 19
List the prime factors of (1/3)/(1/138).
2, 23
Suppose 2*w - 2*k = -4*k + 10, 5*w - 15 = -3*k. Suppose w = t + 2*t - 6. Suppose t*z = z + 9. List the prime factors of z.
3
Let t(j) = j - 4. Let l be -1 + (12 + -1 - 1). Let o be t(l). Suppose -59 = -3*f + 4*n, 9*f + o*n - 40 = 4*f. What are the prime factors of f?
13
Let c(t) be the third derivative of 0 + 1/24*t**4 + t**2 + 0*t + t**3. What are the prime factors of c(8)?
2, 7
Let x(p) = 7*p - 1. Let c be x(-1). Let u = c + 11. Suppose -u*k - w + 34 = 0, 3*k + 6*w - 35 = 4*w. List the prime factors of k.
11
What are the prime factors of (-228)/2*3/(-6)?
3, 19
Let l be ((-30)/(-9))/((-4)/(-6)). List the prime factors of l/(3/3 + 0).
5
Suppose -4*k = -175 - 41. List the prime factors of k.
2, 3
Suppose -70 = -2*n + 4*z + 42, -3*n = -z - 178. List the prime factors of n.
2, 3, 5
Suppose -6 = 2*m - 26. What are the prime factors of m?
2, 5
Suppose f + 10 = 3*f. Suppose -2*a + 14 = 2*d - d, 4*a - 16 = d. Suppose -5*x + a + f = 0. What are the prime factors of x?
2
Suppose -5*p + 0*d + 65 = -2*d, 17 = 2*p + d. What are the prime factors of p?
11
Let y(z) = z**3 + z**2 - 5*z - 2. Let s be y(-3). Let a(o) = -27*o**3 - 6 + 2*o - 4*o**2 - 33*o**3 + 59*o**3. List the prime factors of a(s).
3
Let x(v) = -5*v - 2. Let s be x(-1). Suppose s*p - 40 = m - 3*m, -5*p + 65 = 3*m. List the prime factors of p.
2, 5
What are the prime factors of 34*(-3)/8*-4?
3, 17
Suppose i - 6*i = -15. What are the prime factors of -2 + (i - (-3 + -4))?
2
Let t = -5 - -74. What are the prime factors of t?
3, 23
Let m(c) = -c + 3. Let i(o) = o + 3. Let f be i(-3). Let k be m(f). Suppose 4*g - 30 = 2*z, 0 = 5*g - k*z - 25 - 11. List the prime factors of g.
3
Suppose -11 = 2*h + 2*r - 113, 4*r + 174 = 3*h. Suppose 4*s = 2*n - 4*n + 30, 4*n + 5*s = h. Let o = n - 7. What are the prime factors of o?
2
Let j = 3 + 0. What are the prime factors of (-5)/j*(-2 - 1)?
5
Let o(g) = -g**3 + 7*g**2 - g + 10. Let z be o(7). Suppose -z*a - a + 36 = 0. Let f = -2 + a. What are the prime factors of f?
7
Suppose -8*i = -3*i - 985. What are the prime factors of i?
197
Suppose 5*q - 57 - 53 = 0. Suppose 0*z + 15 = -4*z + 3*l, -2*z + 2*l - 10 = 0. Suppose -4*d + q = -w, -3*d + z = 3*w - 9. List the prime factors of d.
5
Let g = -13 + 117. Suppose 4*u = -3*j + g, u = 4*j - 142 + 16. List the prime factors of j.
2
Suppose 0 = -5*w - o + 3*o + 708, -o = w - 143. List the prime factors of w.
2, 71
Suppose -3*z = n - 181, 0 = -5*n + 2*z - z + 969. List the prime factors of n.
193
Let n = 17 - 12. Suppose -k + 1 - 11 = 0. What are the prime factors of n/k*(-6)/1?
3
Suppose 55 = 2*h + 21. Suppose f = -0*f + h. List the prime factors of f.
17
Suppose o + 3*v - 54 = -2*v, 5*v = 3*o - 142. List the prime factors of o.
7
Let q be 2 + -1 - (-10)/1. Let u = -9 + q. List the prime factors of u.
2
Let h(b) = -b**3 - b**2 + b + 2. Let d be h(-2). Suppose 0 = -2*l - 0*l + d. List the prime factors of l.
2
Let d(f) = f + 4. Let n be d(0). Suppose -4*u + 2*p = 36, -n*p = 5*u - 6 + 51. Let t(o) = -o**2 - 11*o - 12. What are the prime factors of t(u)?
2, 3
Let u(f) = f**2 - 3*f + 2. Let b be u(4). Suppose -3*g = -b*g + 66. List the prime factors of g.
2, 11
Let d(k) = 7*k**3 - 2*k**2 + 1. Let c be d(1). Let y(v) = v**2 - 4*v - 6. Let r be y(c). Let w = r + -3. List the prime factors of w.
3
Suppose o = 3 + 1. Suppose -w + 36 = -o*x, 2*x + 40 + 18 = 3*w. List the prime factors of w.
2
Suppose 19*d = 161 + 295. List the prime factors of d.
2, 3
Let z = -3 + 5. Suppose 4*l = 2*w - 56, -w + 2 = -z. Let m = 18 + l. List the prime factors of m.
2, 3
Let d be (1 + 1)*10/4. Suppose -2*j + d = -5. Suppose 4*u = -0*i - i - j, 3*i + u = 18. What are the prime factors of i?
7
Let z = -1 + 3. Suppose 0 = -z*n + 70 - 20. Suppose -4*c = c - n. List the prime factors of c.
5
Let j(g) = -g**2 - g. Let q be j(0). Suppose 2*a = -10, -3*o + 97 = a - q. List the prime factors of o.
2, 17
Suppose h = -j - 3*h + 18, 2*h = 4*j - 18. Let v be 74/(-12) - j/(-36). What are the prime factors of (6 - v)*6/8?
3
Suppose -3*w - 2*p = -5*p - 6, 2 = -3*w + p. Let q = 3 - w. Suppose 2*m = -3*m + 25, -45 = -q*i + m. List the prime factors of i.
2, 5
Let l be 1 - (0 - (-13 - -2)). Let y be (l/4)/(2/(-4)). Suppose 2*h + y*b - 54 = 0, -b - 37 - 10 = -3*h. List the prime factors of h.
17
Suppose -5*u - 2*l + 495 = 0, 4*u = -l - 227 + 626. What are the prime factors of u?
101
Let d = 7 - 2. Suppose 7*m + 4*i = 4*m - 5, 2*m + d = -3*i. What are the prime factors of m?
5
Let n(u) = 14*u - 6. What are the prime factors of n(3)?
2, 3
Let r be 1/1*(2 - 0). Let v(m) = -2*m + 2. Let p be v(3). List the prime factors of 9 - (r - p/(-2)).
3
Let p(d) = -d**2 - d + 2. Let o be p(-3). Let w(l) = l + 7. What are the prime factors of w(o)?
3
List the prime factors of 1617/21 - (-2 - 1).
2, 5
Suppose 15 + 12 = g. List the prime factors of g.
3
Suppose 3*t = 5*o + 1, 2*o + 2*t = 4*t - 2. Suppose 4*w - o = 3*w. Let d = w - -11. What are the prime factors of d?
2, 3
Let f = -1 + 4. Suppose -4*w = -4*z + 8, -3*z - 6*w + 24 = -f*w. What are the prime factors of z?
5
Suppose 18 = -f + 20. What are the prime factors of f?
2
Suppose -5*y + 761 = 4*s, 2*s + 0*y = y + 391. What are the prime factors of s?
2, 97
Let i(m) = -3*m**2 - 3 - 8*m**2 + 2 - m - m**3 + 2*m**2. What are the prime factors of i(-9)?
2
What are the prime factors of 4 + (-11)/(22/(-36))?
2, 11
List the prime factors of (0 - 1)*(-5 + -8).
13
Suppose -2 = -2*r + 6. Let q(d) = 12*d - 6. What are the prime factors of q(r)?
2, 3, 7
What are the prime factors of 3 - -2*(1 + 1295/10)?
2, 3, 11
Suppose -2*p - 171 = -3*f + 229, 5*f - 2*p - 660 = 0. List the prime factors of f.
2, 5, 13
Suppose -2*h - 5*k = 4 + 1, -5*h + 2 = -2*k. Suppose c + 4*j - 3 = 0, -5*c = -4*j - 39 - h. What are the prime factors of c?
7
Let b = 35 - 31. Let i(w) = 1. Let o(g) = -g - 1. Let r(n) = 4*i(n) - o(n). List the prime factors of r(b).
3
Let d(b) = b**3 + 9*b**2 + 8*b - 6. List the prime factors of d(-7).
2, 3
Suppose 3*s - 4*a - 119 = 0, s = -2*a + 60 - 17. Suppose j = -2*g + 2*j + 88, g = 2*j + s. Suppose 11 = 4*i - g. List the prime factors of i.
2, 7
Let u(f) = -5*f + 2. List the prime factors of u(-4).
2, 11
Let v(n) = 6*n**2 + n + 1. Let q be v(-1). Let p be q/(-21) - (-23)/7. Suppose p*d - 8 - 7 = -4*o, 4*o = 4*d - 48. What are the prime factors of d?
3
Let v = -2 + 4. List the prime factors of v.
2
Let t(y) = -2*y + 8. Let w be t(8). Let n(k) = -k**3 - 8*k**2 + 9*k + 11. Let z be n(-9). Let x = w + z. What are the prime factors of x?
3
Let v = -52 + 109. What are the prime factors of v?
3, 19
Let t(s) = 2*s + 2. Let k be t(7). Let h = k + -9. Let u = h - -4. What are the prime factors of u?
11
Let z(w) be the third derivative of w**5/60 + w**4/24 - w**2. Let s be z(-4). Let t = -4 + s. List the prime factors of t.
2
Suppose 0 = -4*d - d - 110. Let z = d - -11. What are the prime factors of (-4)/6 + z/(-3)?
3
Let u be (-117)/6*(-4)/6. Suppose 27 + u = 2*o. What are the prime factors of o?
2, 5
Let r(i) = i**3 - 7*i**2 + 3*i + 6. Let p be r(7). Suppose -5*g + 106 - p = -3*s, 0 = -g - 5*s - 1. What are the prime factors of g?
2, 7
Let j be (-20)/(-8) + (-2)/4. Suppose m = -j*m + 87. Let g = m - 14. What are the prime factors of g?
3, 5
Let v(d) = -20*d**3 + 1. Suppose 2*f - 3 - 4 = i, 0 = 5*i + 4*f - 7. List the prime factors of v(i).
3, 7
Let b(q) be the third derivative of -q**4/8 + 2*q**3/3 + 4*q**2. Let v be b(5).